34?
4
What is the tens digit of 917?
1
What is the units digit of 12533?
3
What is the tens digit of 1041?
4
What is the tens digit of 647?
4
What is the units digit of 32?
2
What is the thousands digit of 5683?
5
What is the thousands digit of 7821?
7
What is the ten thousands digit of 15377?
1
What is the thousands digit of 3802?
3
What is the hundreds digit of 103023?
0
What is the units digit of 66?
6
What is the ten thousands digit of 81956?
8
What is the hundreds digit of 557?
5
What is the tens digit of 24892?
9
What is the tens digit of 34558?
5
What is the hundreds digit of 2384?
3
What is the ten thousands digit of 47031?
4
What is the tens digit of 386?
8
What is the units digit of 883?
3
What is the thousands digit of 21928?
1
What is the units digit of 186?
6
What is the tens digit of 1169?
6
What is the hundreds digit of 790?
7
What is the tens digit of 6214?
1
What is the thousands digit of 1029?
1
What is the units digit of 23712?
2
What is the thousands digit of 6600?
6
What is the hundreds digit of 265?
2
What is the thousands digit of 24563?
4
What is the hundreds digit of 805?
8
What is the hundreds digit of 48258?
2
What is the units digit of 4157?
7
What is the thousands digit of 24678?
4
What is the tens digit of 63?
6
What is the tens digit of 2460?
6
What is the tens digit of 1291?
9
What is the ten thousands digit of 11802?
1
What is the tens digit of 57?
5
What is the hundreds digit of 9661?
6
What is the tens digit of 3516?
1
What is the hundreds digit of 6617?
6
What is the units digit of 2093?
3
What is the tens digit of 2193?
9
What is the tens digit of 1417?
1
What is the hundreds digit of 1835?
8
What is the hundreds digit of 1012?
0
What is the tens digit of 718?
1
What is the tens digit of 10437?
3
What is the tens digit of 998?
9
What is the units digit of 362?
2
What is the hundreds digit of 1229?
2
What is the ten thousands digit of 150214?
5
What is the ten thousands digit of 16561?
1
What is the hundreds digit of 22484?
4
What is the tens digit of 29262?
6
What is the tens digit of 59729?
2
What is the thousands digit of 1432?
1
What is the thousands digit of 84098?
4
What is the units digit of 3187?
7
What is the units digit of 100?
0
What is the ten thousands digit of 12032?
1
What is the hundreds digit of 2204?
2
What is the thousands digit of 27978?
7
What is the tens digit of 11029?
2
What is the units digit of 41418?
8
What is the ten thousands digit of 12563?
1
What is the ten thousands digit of 20136?
2
What is the units digit of 6216?
6
What is the units digit of 4875?
5
What is the hundreds digit of 3370?
3
What is the units digit of 14005?
5
What is the tens digit of 20472?
7
What is the tens digit of 10478?
7
What is the tens digit of 1712?
1
What is the hundreds digit of 265?
2
What is the hundreds digit of 888?
8
What is the units digit of 6990?
0
What is the hundreds digit of 4968?
9
What is the units digit of 8?
8
What is the hundreds digit of 27432?
4
What is the tens digit of 503?
0
What is the units digit of 65104?
4
What is the hundreds digit of 949?
9
What is the units digit of 5133?
3
What is the tens digit of 3577?
7
What is the units digit of 10711?
1
What is the units digit of 2067?
7
What is the thousands digit of 53891?
3
What is the units digit of 686?
6
What is the thousands digit of 3449?
3
What is the ten thousands digit of 51601?
5
What is the hundreds digit of 44063?
0
What is the tens digit of 138?
3
What is the tens digit of 55094?
9
What is the units digit of 35090?
0
What is the hundreds digit of 702?
7
What is the hundreds digit of 20737?
7
What is the units digit of 1183?
3
What is the tens digit of 13033?
3
What is the thousands digit of 42419?
2
What is the units digit of 52660?
0
What is the hundreds digit of 54562?
5
What is the hundreds digit of 6788?
7
What is the tens digit of 1484?
8
What is the ten thousands digit of 10542?
1
What is the hundreds digit of 3887?
8
What is the units digit of 1775?
5
What is the thousands digit of 10058?
0
What is the hundreds digit of 953?
9
What is the hundreds digit of 667?
6
What is the units digit of 85882?
2
What is the ten thousands digit of 16465?
1
What is the tens digit of 489?
8
What is the ten thousands digit of 15770?
1
What is the tens digit of 5052?
5
What is the tens digit of 5440?
4
What is the ten thousands digit of 21738?
2
What is the thousands digit of 1142?
1
What is the tens digit of 1520?
2
What is the units digit of 37774?
4
What is the ten thousands digit of 123274?
2
What is the hundreds digit of 1826?
8
What is the units digit of 1671?
1
What is the thousands digit of 37995?
7
What is the hundreds digit of 30747?
7
What is the thousands digit of 20980?
0
What is the hundreds digit of 104?
1
What is the thousands digit of 6018?
6
What is the tens digit of 23881?
8
What is the tens digit of 61?
6
What is the hundreds digit of 20682?
6
What is the hundreds digit of 21939?
9
What is the tens digit of 7417?
1
What is the thousands digit of 18785?
8
What is the thousands digit of 26176?
6
What is the units digit of 37680?
0
What is the tens digit of 570?
7
What is the thousands digit of 2935?
2
What is the tens digit of 466?
6
What is the tens digit of 27650?
5
What is the hundreds digit of 25514?
5
What is the thousands digit of 1533?
1
What is the units digit of 32222?
2
What is the ten thousands digit of 29148?
2
What is the tens digit of 741?
4
What is the hundreds digit of 2257?
2
What is the thousands digit of 74543?
4
What is the units digit of 80040?
0
What is the tens digit of 3721?
2
What is the thousands digit of 45798?
5
What is the tens digit of 33491?
9
What is the units digit of 7757?
7
What is the tens digit of 15054?
5
What is the tens digit of 457?
5
What is the hundreds digit of 182831?
8
What is the units digit of 1857?
7
What is the ten thousands digit of 45969?
4
What is the tens digit of 51776?
7
What is the thousands digit of 2312?
2
What is the units digit of 2618?
8
What is the units digit of 8133?
3
What is the hundreds digit of 9281?
2
What is the units digit of 2257?
7
What is the tens digit of 1349?
4
What is the hundreds digit of 4832?
8
What is the thousands digit of 7566?
7
What is the units digit of 671?
1
What is the tens digit of 1008?
0
What is the hundreds digit of 3044?
0
What is the units digit of 25815?
5
What is the tens digit of 532?
3
What is the tens digit of 47556?
5
What is the hundreds digit of 7032?
0
What is the units digit of 460?
0
What is the ten thousands digit of 11229?
1
What is the thousands digit of 1331?
1
What is the hundreds digit of 3060?
0
What is the units digit of 26705?
5
What is the hundreds digit of 30107?
1
What is the thousands digit of 2528?
2
What is the ten thousands digit of 34840?
3
What is the units digit of 76862?
2
What is the tens digit of 31771?
7
What is the units digit of 111?
1
What is the units digit of 14760?
0
What is the thousands digit of 2823?
2
What is the ten thousands digit of 13455?
1
What is the hundreds digit of 67182?
1
What is the ten thousands digit of 23094?
2
What is the thousands digit of 16349?
6
What is the units digit of 688?
8
What is the hundreds digit of 19266?
2
What is the tens digit of 997?
9
What is the thousands digit of 5671?
5
What is the hundreds digit of 3040?
0
What is the hundreds digit of 520?
5
What is the tens digit of 16032?
3
What is the units digit of 31785?
5
What is the hundreds digit of 1042?
0
What is the thousands digit of 1829?
1
What is the tens digit of 3643?
4
What is the thousands digit of 11562?
1
What is the units digit of 4243?
3
What is the ten thousands digit of 68881?
6
What is the ten thousands digit of 16594?
1
What is the tens digit of 311?
1
What is the ten thousands digit of 68837?
6
What is the hundreds digit of 842?
8
What is the units digit of 19041?
1
What is the hundred thousands digit of 144111?
1
What is the hundreds digit of 724?
7
What is the thousands digit of 1118?
1
What is the ten thousands digit of 25940?
2
What is the units digit of 67244?
4
What is the tens digit of 39072?
7
What is the units digit of 39263?
3
What is the units digit of 85006?
6
What is the units digit of 377?
7
What is the hundreds digit of 6616?
6
What is the units digit of